u - 14. Calculate the remainder when u is divided by 7.
0
Let k = -10 + 10. Suppose -w + 75 - 58 = 0. Let t = w + k. Calculate the remainder when 132 is divided by t.
13
Let q(v) = 76*v + 3*v**2 - 6 - 32*v - 4*v**2 - 32*v. Let i = 155 + -79. Calculate the remainder when i is divided by q(8).
24
Let l(w) = w**2 - 12*w + 19. Let a be l(6). Let t(n) = -n + 20. What is the remainder when t(a) is divided by 8/(-14)*(-1078)/44?
9
Suppose -734 = 5*m + 271. Let d = -164 - m. Calculate the remainder when 182 is divided by d.
34
Suppose 3*l - 702 = 3*h, -5*l - 730*h + 1163 = -728*h. What is the remainder when 3706 is divided by l?
211
Let r(q) = -q**3 - 7*q**2 + 11*q - 3. Suppose 9*m - 7828 = -997. Suppose 16*z + 263 = m. Calculate the remainder when r(-9) is divided by z.
29
Suppose -t = 2*t - 4*t. Suppose t = 16*z - 75 - 293. Let v = 37 - -6. Calculate the remainder when v is divided by z.
20
Let t(y) = -59*y**2 + 129*y - 2. Let l be (8 + -1*2)*-1. Calculate the remainder when (-2)/l*177/1 is divided by t(2).
19
Let j(s) = -6*s**2 + 5*s - 17. Let a be j(-5). Let o = a - -220. Calculate the remainder when o is divided by 5.
3
Let v = -8 + 125. Suppose 2*i + 49 = 3*b, -b + 4 = 4*i - 3. Calculate the remainder when v is divided by b.
12
Let w(o) = 20*o + 1774. Suppose -670 + 2 = -4*a. What is the remainder when a is divided by w(-87)?
31
Let a = 41 + -42. Let w(d) = -6*d**2 + 2*d. Let s be w(a). Let h(c) = -4*c - 9. Calculate the remainder when h(s) is divided by 6.
5
Let y(i) = i**3 + 24*i**2 + 28*i - 513. What is the remainder when 674 is divided by y(-21)?
8
Let c = 84 + -408. Calculate the remainder when 176 is divided by 5*(-12)/(-10) - c/9.
8
Calculate the remainder when 10/(-24)*(-2 - 0) - 200/(-48) is divided by 1.
0
Let t(v) = -5*v - 33. Let i be t(-6). Calculate the remainder when 135 is divided by ((47/i)/((-2)/(-6)))/(-1).
41
Let k = -14296 + 14960. Calculate the remainder when k is divided by 209.
37
Suppose 5*x - 5 = -5*u, -x - 33 = -5*u + x. Suppose -16*l - u*l + 651 = 0. What is the remainder when 122 is divided by l?
29
Let q(g) = -71*g**3 - 4*g**2 - 9*g - 11. What is the remainder when q(-6) is divided by 293?
292
Suppose 4*b - 42 = 222. Suppose -b*f = -82*f + 576. Calculate the remainder when 126 is divided by f.
18
Let b(x) = -3*x**3 - 6*x**2 - 21*x + 4. Let u be b(-3). Let k = -58 + u. Calculate the remainder when 138 is divided by k.
30
Suppose -1092 = -5*a - 4*y, 5*a - 352 = 3*y + 719. Calculate the remainder when 1305 is divided by a.
9
Suppose 3*b + 4044 - 22188 = -24*b. What is the remainder when 2023 is divided by b?
7
Let s(k) be the first derivative of k**4/4 + 7*k**3/3 + 5*k**2/2 + 4*k - 2. Calculate the remainder when 110 - (-11 - (11 - 20)) is divided by s(-5).
25
Let v(g) = -89*g + 1554. Calculate the remainder when 976 is divided by v(17).
33
Calculate the remainder when (-18 + 23 + (4 - -458))*15 is divided by 171.
165
Suppose 4*q - r = 1467, -4*q + 180*r + 1503 = 183*r. What is the remainder when q is divided by 55?
39
Let x(h) = 59*h**2 + 392*h - 63. What is the remainder when 632 is divided by x(-7)?
44
Let t be (-270)/(-14) - 3/(63/6). Let j(f) = f**3 - f**2 + 6. Let s be j(0). Let x = t - s. Calculate the remainder when x is divided by 4.
1
Let f be 10/4 - (-2)/(-4). Let a be 4*498*21/504. Suppose 3*p + f*i = a, 3*p - 103 = i + i. Calculate the remainder when p is divided by 6.
1
Suppose 279*o - 24 = 277*o. What is the remainder when 197 is divided by o?
5
Suppose 0 = -2*c + 85 + 161. Let r(x) = 16*x**2 + 4*x - 2. Calculate the remainder when c is divided by r(1).
15
Let c = -25 + 33. Let s = 11 - c. Let o = 12 - 4. Calculate the remainder when o is divided by s.
2
Suppose 2*a + 266 = 2*r, r - 2252 + 2123 = -a. Calculate the remainder when r is divided by 76.
55
Suppose -49 = -2*o + 41. Let p = 1104 + -1098. What is the remainder when 68 is divided by 4/p + 1050/o?
20
Suppose -t + 2*z = -28827, -4*t + z - 28833 = -5*t. What is the remainder when t is divided by 26?
23
Let n be ((-49)/(-4))/((-24)/(-96)). Let s = n - -13. What is the remainder when s is divided by 13?
10
Let p(t) = -t**3 + 7*t**2 - 8*t + 8. Suppose -10*m + 8*m - 204 = 0. Let y = m + 107. Calculate the remainder when 68 is divided by p(y).
14
Suppose -3*a = 4*x - 2445, 7*a - 3*a + x = 3273. Suppose -a = -81*k + 60*k. Calculate the remainder when 77 is divided by k.
38
Let g(o) = 7*o + 1862. What is the remainder when g(-43) is divided by 48?
25
Let a be -5 + (10/4)/(9/18). What is the remainder when 125 is divided by (-73)/(0 + (-1 - a))?
52
What is the remainder when ((-23)/1)/((-4)/(-6)*33/(-154)) is divided by 25?
11
Let n = 44819 + -44803. Calculate the remainder when ((-57)/(-2))/((-2)/(-12)) is divided by n.
11
Suppose -8*v - 307 = 1453. Let s = -199 - v. What is the remainder when 36 is divided by s?
15
Suppose 220*u - 909 = -185*u + 6381. Let d(x) = -21*x - 2. What is the remainder when d(-6) is divided by u?
16
Suppose 11362 = -12402*c + 12425*c. What is the remainder when c is divided by (-4)/(-14) + 54/7?
6
Let w be (32/(-10))/(12/(-30)). Let x = 4 + w. Suppose 3*g = 2*y - 9, -2*g = -5*y + 27 + x. What is the remainder when 14 is divided by y?
5
Let r(w) = -w**2 + 21*w - 4. Let l be r(21). Suppose 4*k = -110 + 346. Calculate the remainder when k is divided by l/2*(-693)/66.
17
Suppose -2*s + 4 = 0, -5*v = 4*s - 3*s - 12. Suppose -g + c = -50, -3*g = g + v*c - 194. Calculate the remainder when g is divided by 27.
22
Let c(o) = o**3 - 9*o**2 - 13*o - 24. Let t be c(11). Let h = 12 + t. Calculate the remainder when h is divided by 45.
42
Suppose 205 = -11*v + 16*v. Suppose h - v = -32. What is the remainder when 19 is divided by h?
1
Let j(l) = -4*l + 3. Let o be (-1)/(5/(-10) - 0). Suppose 3 = -c + o. Calculate the remainder when 47 is divided by j(c).
5
Suppose 2*j = 4*h - 68 - 0, -59 = -5*h - 4*j. Let s = -2261 + 707. What is the remainder when s/(-15) + (-4)/(-10)*1 is divided by h?
14
Suppose -2*v = -2 - 0. Let n = 1008 + -1019. Let o(u) = -2*u**2 - 16*u + 69. Calculate the remainder when o(n) is divided by v.
0
Let l(b) = -b**3 + 13*b**2 + 14*b + 29. Suppose 72*v - 81*v + 126 = 0. Calculate the remainder when l(v) is divided by 6.
5
Let u = -9785 - -9939. What is the remainder when 185 is divided by u?
31
Suppose -3*y = -9 + 3. Let k be (-6 - -7) + (-2 - (2 - 0)). What is the remainder when 26/6 + ((-65)/15 - k) is divided by y?
1
Let w = -7 + -29. Let o = w + 67. Suppose -39 = -z + o. Calculate the remainder when z is divided by 24.
22
Let v(j) = -42*j - 2488. What is the remainder when 590 is divided by v(-61)?
72
Let g(m) = -m**2 + 11*m + 5. Calculate the remainder when (6/7)/((-118)/14868*6/(-8)) is divided by g(8).
28
Suppose 5*s = 360 + 250. Let v = 224 - 220. Calculate the remainder when s is divided by (-6)/v*(-1600)/96.
22
Suppose -7*z + 2530 = 7*z - 3602. Calculate the remainder when z is divided by 13.
9
Suppose 19*j - 49*j + 4697 = 31*j. Calculate the remainder when 466 is divided by j.
4
Let y(w) = -79*w + 7245. What is the remainder when 277 is divided by y(90)?
7
Suppose -4*z - 1289 - 37 = -3*c, -z = -4*c + 1768. Calculate the remainder when c is divided by 155.
132
Suppose -4*y - 262 + 454 = 0. Suppose 21*s + 149 = 22*s + 2*n, -431 = -3*s - 2*n. Calculate the remainder when s is divided by y.
45
Let m = 2180 - 2025. Calculate the remainder when m is divided by 106.
49
Let h = 1 + 4. Suppose -3*b + h*u = -578, -b + u = -69 - 121. Let r(w) = -w**2 - 59*w - 193. What is the remainder when b is divided by r(-55)?
24
Suppose -i + 4*n = -859 + 349, 0 = -n + 8. Calculate the remainder when 2174 is divided by i.
6
Suppose -5*z - 362*o = -363*o - 501, 5*z + 3*o = 477. Let f be 14 - 0 - -1 - -1. Suppose f*k = z + 317. What is the remainder when 50 is divided by k?
24
Let d = -7648 - -7965. What is the remainder when d is divided by 14?
9
Let w(g) = 4*g**2 - 26*g - 520. What is the remainder when w(-21) is divided by 6?
2
Let m = -21619 + 21914. Calculate the remainder when m is divided by 19.
10
What is the remainder when (-1 + -3 + -8)/(1232/(-204) + 6) is divided by 54?
36
Let q(t) = -t**3 - 2*t**2 - 17*t + 15. Let b(o) = -6*o**3 - 10*o**2 - 84*o + 73. Let l(g) = 2*b(g) - 11*q(g). What is the remainder when l(-7) is divided